{"id":33,"date":"2020-04-13T19:55:58","date_gmt":"2020-04-13T19:55:58","guid":{"rendered":"http:\/\/test.medienbetrieb-voelker.de\/?page_id=33"},"modified":"2022-03-04T22:39:26","modified_gmt":"2022-03-04T22:39:26","slug":"impressum","status":"publish","type":"page","link":"https:\/\/www.medienbetrieb-voelker.de\/?page_id=33","title":{"rendered":"Impressum"},"content":{"rendered":"\t\t<div data-elementor-type=\"wp-page\" data-elementor-id=\"33\" class=\"elementor elementor-33\">\n\t\t\t\t\t\t<div class=\"elementor-inner\">\n\t\t\t\t<div class=\"elementor-section-wrap\">\n\t\t\t\t\t\t\t\t\t<section class=\"elementor-section elementor-top-section elementor-element elementor-element-6bff4a07 elementor-section-boxed elementor-section-height-default elementor-section-height-default\" data-id=\"6bff4a07\" data-element_type=\"section\" data-settings=\"{&quot;background_background&quot;:&quot;classic&quot;}\">\n\t\t\t\t\t\t<div class=\"elementor-container elementor-column-gap-default\">\n\t\t\t\t\t\t\t<div class=\"elementor-row\">\n\t\t\t\t\t<div class=\"elementor-column elementor-col-100 elementor-top-column elementor-element elementor-element-38b10624\" data-id=\"38b10624\" data-element_type=\"column\">\n\t\t\t<div class=\"elementor-column-wrap elementor-element-populated\">\n\t\t\t\t\t\t\t<div class=\"elementor-widget-wrap\">\n\t\t\t\t\t\t<div class=\"elementor-element elementor-element-d53f553 elementor-widget elementor-widget-text-editor\" data-id=\"d53f553\" data-element_type=\"widget\" data-widget_type=\"text-editor.default\">\n\t\t\t\t<div class=\"elementor-widget-container\">\n\t\t\t\t\t\t\t\t<div class=\"elementor-text-editor elementor-clearfix\">\n\t\t\t\t\t\t\t\t\t<\/div>\n\t\t\t\t\t\t<\/div>\n\t\t\t\t<\/div>\n\t\t\t\t<section class=\"elementor-section elementor-inner-section elementor-element elementor-element-5e228cd elementor-section-boxed elementor-section-height-default elementor-section-height-default\" data-id=\"5e228cd\" data-element_type=\"section\">\n\t\t\t\t\t\t<div class=\"elementor-container elementor-column-gap-default\">\n\t\t\t\t\t\t\t<div class=\"elementor-row\">\n\t\t\t\t\t<div class=\"elementor-column elementor-col-50 elementor-inner-column elementor-element elementor-element-2a14c0f\" data-id=\"2a14c0f\" data-element_type=\"column\">\n\t\t\t<div class=\"elementor-column-wrap elementor-element-populated\">\n\t\t\t\t\t\t\t<div class=\"elementor-widget-wrap\">\n\t\t\t\t\t\t<div class=\"elementor-element elementor-element-3719311 elementor-widget elementor-widget-text-editor\" data-id=\"3719311\" data-element_type=\"widget\" data-widget_type=\"text-editor.default\">\n\t\t\t\t<div class=\"elementor-widget-container\">\n\t\t\t\t\t\t\t\t<div class=\"elementor-text-editor elementor-clearfix\">\n\t\t\t\t<h2><span style=\"color: #000000;\"><strong>Kontakt<\/strong><\/span><\/h2>\n<div>\n<p><span style=\"color: #000000;\"><strong>Medienbetrieb V\u00f6lker<\/strong><\/span><\/p>\n<p><span style=\"color: #000000;\">Timo V\u00f6lker<\/span><br \/><span style=\"color: #000000;\">Burgstr. 11 &amp; 33 (Hausnummer 33 ist die Postanschrift)<\/span><br \/><span style=\"color: #000000;\">34582 Borken (Hessen)<\/span><br \/><span style=\"color: #000000;\">Deutschland<\/span><\/p>\n<p><span style=\"color: #000000;\">Email: mbv@gmx.biz<\/span><br \/><span style=\"color: #000000;\">Telefon: 01577 5798227<\/span><\/p>\n<p><span style=\"color: #000000;\"><strong>Telefonische Sprechzeiten:<\/strong><\/span><br \/><span style=\"color: #000000;\">Montag &#8211; Freitag: 11:30 &#8211; 19:00 Uhr<\/span><br \/><span style=\"color: #000000;\">Samstag: 13:00 Uhr &#8211; 16:00 Uhr<\/span><\/p>\n<p><span style=\"color: #000000;\"><strong>Unsere \u00d6ffnungszeiten am Standort Burgstr. 11 in Borken-Nassenerfurth<\/strong> <\/span><br \/><span style=\"color: #000000;\">Dienstags &amp; Donnerstags: 13:00 \u2013 19:00 Uhr<br \/>Freitags: 13:00 \u2013 18:00 Uhr<\/span><\/p>\n<p><span style=\"color: #000000;\">Termine nach Absprache m\u00f6glich.<\/span><\/p>\n<\/div>\n<p><!-- \/wp:heading --><\/p>\n<p><!-- wp:columns {\"align\":\"full\"} --><\/p>\n<p style=\"padding-left: 40px;\"><!-- \/wp:columns --><\/p>\n<p style=\"padding-left: 40px;\"><!-- wp:heading {\"level\":4} --><\/p>\t\t\t\t\t<\/div>\n\t\t\t\t\t\t<\/div>\n\t\t\t\t<\/div>\n\t\t\t\t\t\t<\/div>\n\t\t\t\t\t<\/div>\n\t\t<\/div>\n\t\t\t\t<div class=\"elementor-column elementor-col-50 elementor-inner-column elementor-element elementor-element-e17fb6f\" data-id=\"e17fb6f\" data-element_type=\"column\">\n\t\t\t<div class=\"elementor-column-wrap elementor-element-populated\">\n\t\t\t\t\t\t\t<div class=\"elementor-widget-wrap\">\n\t\t\t\t\t\t<div class=\"elementor-element elementor-element-d36b80d elementor-widget elementor-widget-image\" data-id=\"d36b80d\" data-element_type=\"widget\" data-widget_type=\"image.default\">\n\t\t\t\t<div class=\"elementor-widget-container\">\n\t\t\t\t\t\t\t\t<div class=\"elementor-image\">\n\t\t\t\t\t\t\t\t\t\t\t\t<img src=\"https:\/\/www.medienbetrieb-voelker.de\/wp-content\/uploads\/2020\/04\/4140.jpg\" title=\"Medienbetrieb V\u00f6lker\" alt=\"Medienbetrieb V\u00f6lker\" loading=\"lazy\" \/>\t\t\t\t\t\t\t\t\t\t\t\t\t\t<\/div>\n\t\t\t\t\t\t<\/div>\n\t\t\t\t<\/div>\n\t\t\t\t\t\t<\/div>\n\t\t\t\t\t<\/div>\n\t\t<\/div>\n\t\t\t\t\t\t\t\t<\/div>\n\t\t\t\t\t<\/div>\n\t\t<\/section>\n\t\t\t\t<div class=\"elementor-element elementor-element-1e72f7c elementor-widget-divider--view-line elementor-widget elementor-widget-divider\" data-id=\"1e72f7c\" data-element_type=\"widget\" data-widget_type=\"divider.default\">\n\t\t\t\t<div class=\"elementor-widget-container\">\n\t\t\t\t\t<div class=\"elementor-divider\">\n\t\t\t<span class=\"elementor-divider-separator\">\n\t\t\t\t\t\t<\/span>\n\t\t<\/div>\n\t\t\t\t<\/div>\n\t\t\t\t<\/div>\n\t\t\t\t\t\t<\/div>\n\t\t\t\t\t<\/div>\n\t\t<\/div>\n\t\t\t\t\t\t\t\t<\/div>\n\t\t\t\t\t<\/div>\n\t\t<\/section>\n\t\t\t\t<section class=\"elementor-section elementor-top-section elementor-element elementor-element-3e590bb elementor-section-full_width elementor-section-height-default elementor-section-height-default\" data-id=\"3e590bb\" data-element_type=\"section\" data-settings=\"{&quot;background_background&quot;:&quot;classic&quot;}\">\n\t\t\t\t\t\t<div class=\"elementor-container elementor-column-gap-default\">\n\t\t\t\t\t\t\t<div class=\"elementor-row\">\n\t\t\t\t\t<div class=\"elementor-column elementor-col-100 elementor-top-column elementor-element elementor-element-2d57978\" data-id=\"2d57978\" data-element_type=\"column\">\n\t\t\t<div class=\"elementor-column-wrap elementor-element-populated\">\n\t\t\t\t\t\t\t<div class=\"elementor-widget-wrap\">\n\t\t\t\t\t\t<section class=\"elementor-section elementor-inner-section elementor-element elementor-element-12f103b elementor-section-full_width elementor-section-height-default elementor-section-height-default\" data-id=\"12f103b\" data-element_type=\"section\" data-settings=\"{&quot;background_background&quot;:&quot;classic&quot;}\">\n\t\t\t\t\t\t<div class=\"elementor-container elementor-column-gap-default\">\n\t\t\t\t\t\t\t<div class=\"elementor-row\">\n\t\t\t\t\t<div class=\"elementor-column elementor-col-50 elementor-inner-column elementor-element elementor-element-27a6724\" data-id=\"27a6724\" data-element_type=\"column\">\n\t\t\t<div class=\"elementor-column-wrap elementor-element-populated\">\n\t\t\t\t\t\t\t<div class=\"elementor-widget-wrap\">\n\t\t\t\t\t\t<div class=\"elementor-element elementor-element-aa9654a elementor-widget elementor-widget-text-editor\" data-id=\"aa9654a\" data-element_type=\"widget\" data-widget_type=\"text-editor.default\">\n\t\t\t\t<div class=\"elementor-widget-container\">\n\t\t\t\t\t\t\t\t<div class=\"elementor-text-editor elementor-clearfix\">\n\t\t\t\t<div>\n<h4><span style=\"color: #000000;\">Impressum<\/span><\/h4>\n<h2><span style=\"color: #000000;\">Angaben gem\u00e4\u00df \u00a7 5 TMG<\/span><\/h2>\n<p><span style=\"color: #000000;\">Timo V\u00f6lker<\/span><br \/><span style=\"color: #000000;\">Medienbetrieb V\u00f6lker<\/span><br \/><span style=\"color: #000000;\">Burgstr. 11 &amp; 33<\/span><br \/><span style=\"color: #000000;\">34582 Borken<\/span><\/p>\n<h2><span style=\"color: #000000;\">Kontakt<\/span><\/h2>\n<p><span style=\"color: #000000;\">Telefon: 015775798227<\/span><br \/><span style=\"color: #000000;\">E-Mail: mbv@gmx.biz<\/span><\/p>\n<h2><span style=\"color: #000000;\">Fotos auf dieser Seite:<\/span><\/h2>\n<p><span style=\"color: #000000;\">Eigenwerke<\/span><\/p>\n<h2><span style=\"color: #000000;\">EU-Streitschlichtung<\/span><\/h2>\n<p><span style=\"color: #000000;\">Die Europ\u00e4ische Kommission stellt eine Plattform zur Online-Streitbeilegung (OS) bereit: <a style=\"color: #000000;\" href=\"https:\/\/ec.europa.eu\/consumers\/odr\" target=\"_blank\" rel=\"noopener noreferrer\">https:\/\/ec.europa.eu\/consumers\/odr<\/a>.<\/span><br \/><span style=\"color: #000000;\">Unsere E-Mail-Adresse finden Sie oben im Impressum.<\/span><\/p>\n<h2><span style=\"color: #000000;\">Verbraucher\u00adstreit\u00adbeilegung\/Universal\u00adschlichtungs\u00adstelle<\/span><\/h2>\n<p><span style=\"color: #000000;\">Wir sind nicht bereit oder verpflichtet, an Streitbeilegungsverfahren vor einer Verbraucherschlichtungsstelle teilzunehmen.<\/span><\/p>\n<h3><span style=\"color: #000000;\">Haftung f\u00fcr Inhalte<\/span><\/h3>\n<p><span style=\"color: #000000;\">Als Diensteanbieter sind wir gem\u00e4\u00df \u00a7 7 Abs.1 TMG f\u00fcr eigene Inhalte auf diesen Seiten nach den allgemeinen Gesetzen verantwortlich. Nach \u00a7\u00a7 8 bis 10 TMG sind wir als Diensteanbieter jedoch nicht verpflichtet, \u00fcbermittelte oder gespeicherte fremde Informationen zu \u00fcberwachen oder nach Umst\u00e4nden zu forschen, die auf eine rechtswidrige T\u00e4tigkeit hinweisen.<\/span><\/p>\n<p><span style=\"color: #000000;\">Verpflichtungen zur Entfernung oder Sperrung der Nutzung von Informationen nach den allgemeinen Gesetzen bleiben hiervon unber\u00fchrt. Eine diesbez\u00fcgliche Haftung ist jedoch erst ab dem Zeitpunkt der Kenntnis einer konkreten Rechtsverletzung m\u00f6glich. Bei Bekanntwerden von entsprechenden Rechtsverletzungen werden wir diese Inhalte umgehend entfernen.<\/span><\/p>\n<h3><span style=\"color: #000000;\">Haftung f\u00fcr Links<\/span><\/h3>\n<p><span style=\"color: #000000;\">Unser Angebot enth\u00e4lt Links zu externen Websites Dritter, auf deren Inhalte wir keinen Einfluss haben. Deshalb k\u00f6nnen wir f\u00fcr diese fremden Inhalte auch keine Gew\u00e4hr \u00fcbernehmen. F\u00fcr die Inhalte der verlinkten Seiten ist stets der jeweilige Anbieter oder Betreiber der Seiten verantwortlich. Die verlinkten Seiten wurden zum Zeitpunkt der Verlinkung auf m\u00f6gliche Rechtsverst\u00f6\u00dfe \u00fcberpr\u00fcft. Rechtswidrige Inhalte waren zum Zeitpunkt der Verlinkung nicht erkennbar.<\/span><\/p>\n<p><span style=\"color: #000000;\">Eine permanente inhaltliche Kontrolle der verlinkten Seiten ist jedoch ohne konkrete Anhaltspunkte einer Rechtsverletzung nicht zumutbar. Bei Bekanntwerden von Rechtsverletzungen werden wir derartige Links umgehend entfernen.<\/span><\/p>\n<h3><span style=\"color: #000000;\">Urheberrecht<\/span><\/h3>\n<p><span style=\"color: #000000;\">Die durch die Seitenbetreiber erstellten Inhalte und Werke auf diesen Seiten unterliegen dem deutschen Urheberrecht. Die Vervielf\u00e4ltigung, Bearbeitung, Verbreitung und jede Art der Verwertung au\u00dferhalb der Grenzen des Urheberrechtes bed\u00fcrfen der schriftlichen Zustimmung des jeweiligen Autors bzw. Erstellers. Downloads und Kopien dieser Seite sind nur f\u00fcr den privaten, nicht kommerziellen Gebrauch gestattet.<\/span><\/p>\n<p><span style=\"color: #000000;\">Soweit die Inhalte auf dieser Seite nicht vom Betreiber erstellt wurden, werden die Urheberrechte Dritter beachtet. Insbesondere werden Inhalte Dritter als solche gekennzeichnet. Sollten Sie trotzdem auf eine Urheberrechtsverletzung aufmerksam werden, bitten wir um einen entsprechenden Hinweis. Bei Bekanntwerden von Rechtsverletzungen werden wir derartige Inhalte umgehend entfernen.<\/span><\/p>\n<\/div>\t\t\t\t\t<\/div>\n\t\t\t\t\t\t<\/div>\n\t\t\t\t<\/div>\n\t\t\t\t\t\t<\/div>\n\t\t\t\t\t<\/div>\n\t\t<\/div>\n\t\t\t\t<div class=\"elementor-column elementor-col-50 elementor-inner-column elementor-element elementor-element-4cbb3e7\" data-id=\"4cbb3e7\" data-element_type=\"column\">\n\t\t\t<div class=\"elementor-column-wrap elementor-element-populated\">\n\t\t\t\t\t\t\t<div class=\"elementor-widget-wrap\">\n\t\t\t\t\t\t<div class=\"elementor-element elementor-element-57d0dd6b elementor-widget elementor-widget-text-editor\" data-id=\"57d0dd6b\" data-element_type=\"widget\" data-widget_type=\"text-editor.default\">\n\t\t\t\t<div class=\"elementor-widget-container\">\n\t\t\t\t\t\t\t\t<div class=\"elementor-text-editor elementor-clearfix\">\n\t\t\t\t\t\t\t\t\t<\/div>\n\t\t\t\t\t\t<\/div>\n\t\t\t\t<\/div>\n\t\t\t\t<div class=\"elementor-element elementor-element-935530e elementor-widget elementor-widget-text-editor\" data-id=\"935530e\" data-element_type=\"widget\" data-widget_type=\"text-editor.default\">\n\t\t\t\t<div class=\"elementor-widget-container\">\n\t\t\t\t\t\t\t\t<div class=\"elementor-text-editor elementor-clearfix\">\n\t\t\t\t\t\t\t\t\t<\/div>\n\t\t\t\t\t\t<\/div>\n\t\t\t\t<\/div>\n\t\t\t\t\t\t<\/div>\n\t\t\t\t\t<\/div>\n\t\t<\/div>\n\t\t\t\t\t\t\t\t<\/div>\n\t\t\t\t\t<\/div>\n\t\t<\/section>\n\t\t\t\t\t\t<\/div>\n\t\t\t\t\t<\/div>\n\t\t<\/div>\n\t\t\t\t\t\t\t\t<\/div>\n\t\t\t\t\t<\/div>\n\t\t<\/section>\n\t\t\t\t\t\t\t\t\t<\/div>\n\t\t\t<\/div>\n\t\t\t\t\t<\/div>\n\t\t","protected":false},"excerpt":{"rendered":"<p>Kontakt Medienbetrieb V\u00f6lker Timo V\u00f6lkerBurgstr. 11 &amp; 33 (Hausnummer 33 ist die Postanschrift)34582 Borken (Hessen)Deutschland Email: mbv@gmx.bizTelefon: 01577 5798227 Telefonische Sprechzeiten:Montag &#8211; Freitag: 11:30 &#8211; 19:00 UhrSamstag: 13:00 Uhr &#8211; 16:00 Uhr Unsere \u00d6ffnungszeiten am Standort Burgstr. 11 in Borken-Nassenerfurth Dienstags &amp; Donnerstags: 13:00 \u2013 19:00 UhrFreitags: 13:00 \u2013 18:00 Uhr Termine nach Absprache m\u00f6glich. &#8230; <a title=\"Impressum\" class=\"read-more\" href=\"https:\/\/www.medienbetrieb-voelker.de\/?page_id=33\" aria-label=\"Mehr dazu unter Impressum\">Weiterlesen<\/a><\/p>\n","protected":false},"author":1,"featured_media":0,"parent":0,"menu_order":0,"comment_status":"closed","ping_status":"closed","template":"","meta":{"ngg_post_thumbnail":0},"_links":{"self":[{"href":"https:\/\/www.medienbetrieb-voelker.de\/index.php?rest_route=\/wp\/v2\/pages\/33"}],"collection":[{"href":"https:\/\/www.medienbetrieb-voelker.de\/index.php?rest_route=\/wp\/v2\/pages"}],"about":[{"href":"https:\/\/www.medienbetrieb-voelker.de\/index.php?rest_route=\/wp\/v2\/types\/page"}],"author":[{"embeddable":true,"href":"https:\/\/www.medienbetrieb-voelker.de\/index.php?rest_route=\/wp\/v2\/users\/1"}],"replies":[{"embeddable":true,"href":"https:\/\/www.medienbetrieb-voelker.de\/index.php?rest_route=%2Fwp%2Fv2%2Fcomments&post=33"}],"version-history":[{"count":19,"href":"https:\/\/www.medienbetrieb-voelker.de\/index.php?rest_route=\/wp\/v2\/pages\/33\/revisions"}],"predecessor-version":[{"id":2021,"href":"https:\/\/www.medienbetrieb-voelker.de\/index.php?rest_route=\/wp\/v2\/pages\/33\/revisions\/2021"}],"wp:attachment":[{"href":"https:\/\/www.medienbetrieb-voelker.de\/index.php?rest_route=%2Fwp%2Fv2%2Fmedia&parent=33"}],"curies":[{"name":"wp","href":"https:\/\/api.w.org\/{rel}","templated":true}]}}