{"id":32,"date":"2020-04-13T19:55:58","date_gmt":"2020-04-13T19:55:58","guid":{"rendered":"http:\/\/test.medienbetrieb-voelker.de\/?page_id=32"},"modified":"2022-03-04T22:06:17","modified_gmt":"2022-03-04T22:06:17","slug":"kontakt","status":"publish","type":"page","link":"https:\/\/www.medienbetrieb-voelker.de\/?page_id=32","title":{"rendered":"Kontakt"},"content":{"rendered":"\t\t<div data-elementor-type=\"wp-page\" data-elementor-id=\"32\" class=\"elementor elementor-32\">\n\t\t\t\t\t\t<div class=\"elementor-inner\">\n\t\t\t\t<div class=\"elementor-section-wrap\">\n\t\t\t\t\t\t\t\t\t<section class=\"elementor-section elementor-top-section elementor-element elementor-element-3fa0ac9a elementor-section-boxed elementor-section-height-default elementor-section-height-default\" data-id=\"3fa0ac9a\" data-element_type=\"section\">\n\t\t\t\t\t\t<div class=\"elementor-container elementor-column-gap-default\">\n\t\t\t\t\t\t\t<div class=\"elementor-row\">\n\t\t\t\t\t<div class=\"elementor-column elementor-col-100 elementor-top-column elementor-element elementor-element-3f779599\" data-id=\"3f779599\" data-element_type=\"column\">\n\t\t\t<div class=\"elementor-column-wrap elementor-element-populated\">\n\t\t\t\t\t\t\t<div class=\"elementor-widget-wrap\">\n\t\t\t\t\t\t<div class=\"elementor-element elementor-element-781bdb14 elementor-widget elementor-widget-text-editor\" data-id=\"781bdb14\" data-element_type=\"widget\" data-widget_type=\"text-editor.default\">\n\t\t\t\t<div class=\"elementor-widget-container\">\n\t\t\t\t\t\t\t\t<div class=\"elementor-text-editor elementor-clearfix\">\n\t\t\t\t<p><!-- wp:heading --><\/p>\n<h2><span style=\"color: #000000;\"><strong>Medienbetrieb V\u00f6lker<\/strong><\/span><\/h2>\n<p><!-- \/wp:heading --><!-- wp:contact-form-7\/contact-form-selector {\"id\":1753,\"title\":\"Kontaktformular 1\"} --><\/p>\n<div class=\"wp-block-contact-form-7-contact-form-selector\"><div role=\"form\" class=\"wpcf7\" id=\"wpcf7-f1753-o1\" lang=\"de-DE\" dir=\"ltr\">\n<div class=\"screen-reader-response\"><p role=\"status\" aria-live=\"polite\" aria-atomic=\"true\"><\/p> <ul><\/ul><\/div>\n<form action=\"\/index.php?rest_route=%2Fwp%2Fv2%2Fpages%2F32#wpcf7-f1753-o1\" method=\"post\" class=\"wpcf7-form init\" novalidate=\"novalidate\" data-status=\"init\">\n<div style=\"display: none;\">\n<input type=\"hidden\" name=\"_wpcf7\" value=\"1753\" \/>\n<input type=\"hidden\" name=\"_wpcf7_version\" value=\"5.6.4\" \/>\n<input type=\"hidden\" name=\"_wpcf7_locale\" value=\"de_DE\" \/>\n<input type=\"hidden\" name=\"_wpcf7_unit_tag\" value=\"wpcf7-f1753-o1\" \/>\n<input type=\"hidden\" name=\"_wpcf7_container_post\" value=\"0\" \/>\n<input type=\"hidden\" name=\"_wpcf7_posted_data_hash\" value=\"\" \/>\n<\/div>\n<p><label> Dein Name<br \/>\n    <span class=\"wpcf7-form-control-wrap\" data-name=\"your-name\"><input type=\"text\" name=\"your-name\" value=\"\" size=\"40\" class=\"wpcf7-form-control wpcf7-text wpcf7-validates-as-required\" aria-required=\"true\" aria-invalid=\"false\" \/><\/span> <\/label><\/p>\n<p><label> Deine E-Mail-Adresse<br \/>\n    <span class=\"wpcf7-form-control-wrap\" data-name=\"your-email\"><input type=\"email\" name=\"your-email\" value=\"\" size=\"40\" class=\"wpcf7-form-control wpcf7-text wpcf7-email wpcf7-validates-as-required wpcf7-validates-as-email\" aria-required=\"true\" aria-invalid=\"false\" \/><\/span> <\/label><\/p>\n<p><label> Telefonnummer<br \/>\n    <span class=\"wpcf7-form-control-wrap\" data-name=\"tel-649\"><input type=\"tel\" name=\"tel-649\" value=\"\" size=\"40\" class=\"wpcf7-form-control wpcf7-text wpcf7-tel wpcf7-validates-as-tel\" aria-invalid=\"false\" \/><\/span> <\/label><\/p>\n<p><label> Betreff<br \/>\n    <span class=\"wpcf7-form-control-wrap\" data-name=\"your-subject\"><input type=\"text\" name=\"your-subject\" value=\"\" size=\"40\" class=\"wpcf7-form-control wpcf7-text wpcf7-validates-as-required\" aria-required=\"true\" aria-invalid=\"false\" \/><\/span> <\/label><\/p>\n<p><label> Deine Nachricht (optional)<br \/>\n    <span class=\"wpcf7-form-control-wrap\" data-name=\"your-message\"><textarea name=\"your-message\" cols=\"40\" rows=\"10\" class=\"wpcf7-form-control wpcf7-textarea\" aria-invalid=\"false\"><\/textarea><\/span> <\/label><\/p>\n<p><span class=\"wpcf7-form-control-wrap\" data-name=\"acceptance-229\"><span class=\"wpcf7-form-control wpcf7-acceptance\"><span class=\"wpcf7-list-item\"><label><input type=\"checkbox\" name=\"acceptance-229\" value=\"1\" aria-invalid=\"false\" \/><span class=\"wpcf7-list-item-label\">Ich habe die Datenschutzbedingungen (siehe unten) f\u00fcr das Kontaktformular gelesen und verstanden.<\/span><\/label><\/span><\/span><\/span><\/p>\n<p><input type=\"submit\" value=\"Senden\" class=\"wpcf7-form-control has-spinner wpcf7-submit\" \/><\/p>\n<p style=\"display: none !important;\"><label>&#916;<textarea name=\"_wpcf7_ak_hp_textarea\" cols=\"45\" rows=\"8\" maxlength=\"100\"><\/textarea><\/label><input type=\"hidden\" id=\"ak_js_1\" name=\"_wpcf7_ak_js\" value=\"20\"\/><script>document.getElementById( \"ak_js_1\" ).setAttribute( \"value\", ( new Date() ).getTime() );<\/script><\/p><div class=\"wpcf7-response-output\" aria-hidden=\"true\"><\/div><\/form><\/div><\/div>\n<p><!-- \/wp:contact-form-7\/contact-form-selector --><!-- wp:heading {\"level\":3} --><\/p>\n<h3><span style=\"color: #000000;\"><strong>Medienbetrieb V\u00f6lker<\/strong><\/span><\/h3>\n<p><span style=\"color: #000000;\">Timo V\u00f6lker<\/span><br \/><span style=\"color: #000000;\">Burgstr. 11 &amp; 33 (Hausnummer 33 ist die Postanschrift)<\/span><br \/><span style=\"color: #000000;\">34582 Borken (Hessen)<\/span><br \/><span style=\"color: #000000;\">Deutschland<\/span><\/p>\n<p><span style=\"color: #000000;\"><!-- \/wp:paragraph --><!-- wp:paragraph --><\/span><\/p>\n<p><span style=\"color: #000000;\"><!-- \/wp:paragraph --><!-- wp:paragraph --><\/span><\/p>\n<p><span style=\"color: #000000;\">Email: mbv@gmx.biz<\/span><br \/><span style=\"color: #000000;\">Telefon: 01577 5798227<\/span><\/p>\n<p><span style=\"color: #000000;\"><!-- \/wp:paragraph --><!-- wp:paragraph --><\/span><\/p>\n<p><span style=\"color: #000000;\"><strong>Telefonische Sprechzeiten:<\/strong><\/span><br \/><span style=\"color: #000000;\">Montag \u2013 Freitag: 11:30 \u2013 19:00 Uhr<\/span><br \/><span style=\"color: #000000;\">Samstag: 13:00 Uhr \u2013 16:00 Uhr<\/span><\/p>\n<p><span style=\"color: #000000;\"><!-- \/wp:paragraph --><!-- wp:paragraph --><\/span><\/p>\n<p><span style=\"color: #000000;\"><strong>Unsere \u00d6ffnungszeiten am Standort Burgstr. 11 in Borken-Nassenerfurth<\/strong><\/span><br \/><span style=\"color: #000000;\">Dienstags &amp; Donnerstags: 13:00 \u2013 19:00 Uhr<\/span><br \/><span style=\"color: #000000;\">Freitags: 13:00 \u2013 18:00 Uhr<\/span><br \/><span style=\"color: #000000;\">Termine nach Absprache m\u00f6glich.<\/span><\/p>\n<h3><span style=\"color: #000000;\">Datenschutz bzgl. Kontaktformular<\/span><\/h3>\n<p><span style=\"color: #000000;\"><!-- \/wp:heading --><!-- wp:paragraph --><\/span><\/p>\n<p><span style=\"color: #000000;\">Wenn Sie uns per Kontaktformular Anfragen zukommen lassen, werden Ihre Angaben aus dem Anfrageformular inklusive der von Ihnen dort angegebenen Kontaktdaten zwecks Bearbeitung der Anfrage und f\u00fcr den Fall von Anschlussfragen bei uns gespeichert. Diese Daten geben wir nicht ohne Ihre Einwilligung weiter.<\/span><\/p>\n<p><span style=\"color: #000000;\"><!-- \/wp:paragraph --><!-- wp:paragraph --><\/span><\/p>\n<p><span style=\"color: #000000;\">Die Verarbeitung dieser Daten erfolgt auf Grundlage von Art. 6 Abs. 1 lit. b DSGVO, sofern Ihre Anfrage mit der Erf\u00fcllung eines Vertrags zusammenh\u00e4ngt oder zur Durchf\u00fchrung vorvertraglicher Ma\u00dfnahmen erforderlich ist. In allen \u00fcbrigen F\u00e4llen beruht die Verarbeitung auf unserem berechtigten Interesse an der effektiven Bearbeitung der an uns gerichteten Anfragen (Art. 6 Abs. 1 lit. f DSGVO) oder auf Ihrer Einwilligung (Art. 6 Abs. 1 lit. a DSGVO) sofern diese abgefragt wurde.<\/span><\/p>\n<p><span style=\"color: #000000;\"><!-- \/wp:paragraph --><!-- wp:paragraph --><\/span><\/p>\n<p><span style=\"color: #000000;\">Die von Ihnen im Kontaktformular eingegebenen Daten verbleiben bei uns, bis Sie uns zur L\u00f6schung auffordern, Ihre Einwilligung zur Speicherung widerrufen oder der Zweck f\u00fcr die Datenspeicherung entf\u00e4llt (z.\u00a0B. nach abgeschlossener Bearbeitung Ihrer Anfrage). Zwingende gesetzliche Bestimmungen \u2013 insbesondere Aufbewahrungsfristen \u2013 bleiben unber\u00fchrt.<\/span><\/p>\n<p><!-- \/wp:paragraph --><!-- wp:paragraph --><\/p>\n<p>\u00a0<\/p>\n<p><!-- \/wp:paragraph --><\/p>\t\t\t\t\t<\/div>\n\t\t\t\t\t\t<\/div>\n\t\t\t\t<\/div>\n\t\t\t\t\t\t<\/div>\n\t\t\t\t\t<\/div>\n\t\t<\/div>\n\t\t\t\t\t\t\t\t<\/div>\n\t\t\t\t\t<\/div>\n\t\t<\/section>\n\t\t\t\t\t\t\t\t\t<\/div>\n\t\t\t<\/div>\n\t\t\t\t\t<\/div>\n\t\t","protected":false},"excerpt":{"rendered":"<p>Medienbetrieb V\u00f6lker Medienbetrieb V\u00f6lker Timo V\u00f6lkerBurgstr. 11 &amp; 33 (Hausnummer 33 ist die Postanschrift)34582 Borken (Hessen)Deutschland Email: mbv@gmx.bizTelefon: 01577 5798227 Telefonische Sprechzeiten:Montag \u2013 Freitag: 11:30 \u2013 19:00 UhrSamstag: 13:00 Uhr \u2013 16:00 Uhr Unsere \u00d6ffnungszeiten am Standort Burgstr. 11 in Borken-NassenerfurthDienstags &amp; Donnerstags: 13:00 \u2013 19:00 UhrFreitags: 13:00 \u2013 18:00 UhrTermine nach Absprache m\u00f6glich. Datenschutz &#8230; <a title=\"Kontakt\" class=\"read-more\" href=\"https:\/\/www.medienbetrieb-voelker.de\/?page_id=32\" aria-label=\"Mehr dazu unter Kontakt\">Weiterlesen<\/a><\/p>\n","protected":false},"author":1,"featured_media":0,"parent":0,"menu_order":0,"comment_status":"closed","ping_status":"closed","template":"","meta":{"ngg_post_thumbnail":0},"_links":{"self":[{"href":"https:\/\/www.medienbetrieb-voelker.de\/index.php?rest_route=\/wp\/v2\/pages\/32"}],"collection":[{"href":"https:\/\/www.medienbetrieb-voelker.de\/index.php?rest_route=\/wp\/v2\/pages"}],"about":[{"href":"https:\/\/www.medienbetrieb-voelker.de\/index.php?rest_route=\/wp\/v2\/types\/page"}],"author":[{"embeddable":true,"href":"https:\/\/www.medienbetrieb-voelker.de\/index.php?rest_route=\/wp\/v2\/users\/1"}],"replies":[{"embeddable":true,"href":"https:\/\/www.medienbetrieb-voelker.de\/index.php?rest_route=%2Fwp%2Fv2%2Fcomments&post=32"}],"version-history":[{"count":13,"href":"https:\/\/www.medienbetrieb-voelker.de\/index.php?rest_route=\/wp\/v2\/pages\/32\/revisions"}],"predecessor-version":[{"id":2015,"href":"https:\/\/www.medienbetrieb-voelker.de\/index.php?rest_route=\/wp\/v2\/pages\/32\/revisions\/2015"}],"wp:attachment":[{"href":"https:\/\/www.medienbetrieb-voelker.de\/index.php?rest_route=%2Fwp%2Fv2%2Fmedia&parent=32"}],"curies":[{"name":"wp","href":"https:\/\/api.w.org\/{rel}","templated":true}]}}

<div data-elementor-type="wp-page" data-elementor-id="32" class="elementor elementor-32">
						<div class="elementor-inner">
				<div class="elementor-section-wrap">
									<section class="elementor-section elementor-top-section elementor-element elementor-element-3fa0ac9a elementor-section-boxed elementor-section-height-default elementor-section-height-default" data-id="3fa0ac9a" data-element_type="section">
						<div class="elementor-container elementor-column-gap-default">
							<div class="elementor-row">
					<div class="elementor-column elementor-col-100 elementor-top-column elementor-element elementor-element-3f779599" data-id="3f779599" data-element_type="column">
			<div class="elementor-column-wrap elementor-element-populated">
							<div class="elementor-widget-wrap">
						<div class="elementor-element elementor-element-781bdb14 elementor-widget elementor-widget-text-editor" data-id="781bdb14" data-element_type="widget" data-widget_type="text-editor.default">
				<div class="elementor-widget-container">
								<div class="elementor-text-editor elementor-clearfix">
				<p><!-- wp:heading --></p>
<h2><span style="color: #000000;"><strong>Medienbetrieb Völker</strong></span></h2>
<p><!-- /wp:heading --><!-- wp:contact-form-7/contact-form-selector {"id":1753,"title":"Kontaktformular 1"} --></p>
<div class="wp-block-contact-form-7-contact-form-selector"><div role="form" class="wpcf7" id="wpcf7-f1753-o1" lang="de-DE" dir="ltr">
<div class="screen-reader-response"><p role="status" aria-live="polite" aria-atomic="true"></p> <ul></ul></div>
<form action="/index.php?rest_route=%2Fwp%2Fv2%2Fpages%2F32#wpcf7-f1753-o1" method="post" class="wpcf7-form init" novalidate="novalidate" data-status="init">
<div style="display: none;">
<input type="hidden" name="_wpcf7" value="1753" />
<input type="hidden" name="_wpcf7_version" value="5.6.4" />
<input type="hidden" name="_wpcf7_locale" value="de_DE" />
<input type="hidden" name="_wpcf7_unit_tag" value="wpcf7-f1753-o1" />
<input type="hidden" name="_wpcf7_container_post" value="0" />
<input type="hidden" name="_wpcf7_posted_data_hash" value="" />
</div>
<p><label> Dein Name<br />
    <span class="wpcf7-form-control-wrap" data-name="your-name"><input type="text" name="your-name" value="" size="40" class="wpcf7-form-control wpcf7-text wpcf7-validates-as-required" aria-required="true" aria-invalid="false" /></span> </label></p>
<p><label> Deine E-Mail-Adresse<br />
    <span class="wpcf7-form-control-wrap" data-name="your-email"><input type="email" name="your-email" value="" size="40" class="wpcf7-form-control wpcf7-text wpcf7-email wpcf7-validates-as-required wpcf7-validates-as-email" aria-required="true" aria-invalid="false" /></span> </label></p>
<p><label> Telefonnummer<br />
    <span class="wpcf7-form-control-wrap" data-name="tel-649"><input type="tel" name="tel-649" value="" size="40" class="wpcf7-form-control wpcf7-text wpcf7-tel wpcf7-validates-as-tel" aria-invalid="false" /></span> </label></p>
<p><label> Betreff<br />
    <span class="wpcf7-form-control-wrap" data-name="your-subject"><input type="text" name="your-subject" value="" size="40" class="wpcf7-form-control wpcf7-text wpcf7-validates-as-required" aria-required="true" aria-invalid="false" /></span> </label></p>
<p><label> Deine Nachricht (optional)<br />
    <span class="wpcf7-form-control-wrap" data-name="your-message"><textarea name="your-message" cols="40" rows="10" class="wpcf7-form-control wpcf7-textarea" aria-invalid="false"></textarea></span> </label></p>
<p><span class="wpcf7-form-control-wrap" data-name="acceptance-229"><span class="wpcf7-form-control wpcf7-acceptance"><span class="wpcf7-list-item"><label><input type="checkbox" name="acceptance-229" value="1" aria-invalid="false" /><span class="wpcf7-list-item-label">Ich habe die Datenschutzbedingungen (siehe unten) für das Kontaktformular gelesen und verstanden.</span></label></span></span></span></p>
<p><input type="submit" value="Senden" class="wpcf7-form-control has-spinner wpcf7-submit" /></p>
<p style="display: none !important;"><label>&#916;<textarea name="_wpcf7_ak_hp_textarea" cols="45" rows="8" maxlength="100"></textarea></label><input type="hidden" id="ak_js_1" name="_wpcf7_ak_js" value="20"/><script>document.getElementById( "ak_js_1" ).setAttribute( "value", ( new Date() ).getTime() );</script></p><div class="wpcf7-response-output" aria-hidden="true"></div></form></div></div>
<p><!-- /wp:contact-form-7/contact-form-selector --><!-- wp:heading {"level":3} --></p>
<h3><span style="color: #000000;"><strong>Medienbetrieb Völker</strong></span></h3>
<p><span style="color: #000000;">Timo Völker</span><br /><span style="color: #000000;">Burgstr. 11 &amp; 33 (Hausnummer 33 ist die Postanschrift)</span><br /><span style="color: #000000;">34582 Borken (Hessen)</span><br /><span style="color: #000000;">Deutschland</span></p>
<p><span style="color: #000000;"><!-- /wp:paragraph --><!-- wp:paragraph --></span></p>
<p><span style="color: #000000;"><!-- /wp:paragraph --><!-- wp:paragraph --></span></p>
<p><span style="color: #000000;">Email: mbv@gmx.biz</span><br /><span style="color: #000000;">Telefon: 01577 5798227</span></p>
<p><span style="color: #000000;"><!-- /wp:paragraph --><!-- wp:paragraph --></span></p>
<p><span style="color: #000000;"><strong>Telefonische Sprechzeiten:</strong></span><br /><span style="color: #000000;">Montag – Freitag: 11:30 – 19:00 Uhr</span><br /><span style="color: #000000;">Samstag: 13:00 Uhr – 16:00 Uhr</span></p>
<p><span style="color: #000000;"><!-- /wp:paragraph --><!-- wp:paragraph --></span></p>
<p><span style="color: #000000;"><strong>Unsere Öffnungszeiten am Standort Burgstr. 11 in Borken-Nassenerfurth</strong></span><br /><span style="color: #000000;">Dienstags &amp; Donnerstags: 13:00 – 19:00 Uhr</span><br /><span style="color: #000000;">Freitags: 13:00 – 18:00 Uhr</span><br /><span style="color: #000000;">Termine nach Absprache möglich.</span></p>
<h3><span style="color: #000000;">Datenschutz bzgl. Kontaktformular</span></h3>
<p><span style="color: #000000;"><!-- /wp:heading --><!-- wp:paragraph --></span></p>
<p><span style="color: #000000;">Wenn Sie uns per Kontaktformular Anfragen zukommen lassen, werden Ihre Angaben aus dem Anfrageformular inklusive der von Ihnen dort angegebenen Kontaktdaten zwecks Bearbeitung der Anfrage und für den Fall von Anschlussfragen bei uns gespeichert. Diese Daten geben wir nicht ohne Ihre Einwilligung weiter.</span></p>
<p><span style="color: #000000;"><!-- /wp:paragraph --><!-- wp:paragraph --></span></p>
<p><span style="color: #000000;">Die Verarbeitung dieser Daten erfolgt auf Grundlage von Art. 6 Abs. 1 lit. b DSGVO, sofern Ihre Anfrage mit der Erfüllung eines Vertrags zusammenhängt oder zur Durchführung vorvertraglicher Maßnahmen erforderlich ist. In allen übrigen Fällen beruht die Verarbeitung auf unserem berechtigten Interesse an der effektiven Bearbeitung der an uns gerichteten Anfragen (Art. 6 Abs. 1 lit. f DSGVO) oder auf Ihrer Einwilligung (Art. 6 Abs. 1 lit. a DSGVO) sofern diese abgefragt wurde.</span></p>
<p><span style="color: #000000;"><!-- /wp:paragraph --><!-- wp:paragraph --></span></p>
<p><span style="color: #000000;">Die von Ihnen im Kontaktformular eingegebenen Daten verbleiben bei uns, bis Sie uns zur Löschung auffordern, Ihre Einwilligung zur Speicherung widerrufen oder der Zweck für die Datenspeicherung entfällt (z. B. nach abgeschlossener Bearbeitung Ihrer Anfrage). Zwingende gesetzliche Bestimmungen – insbesondere Aufbewahrungsfristen – bleiben unberührt.</span></p>
<p><!-- /wp:paragraph --><!-- wp:paragraph --></p>
<p> </p>
<p><!-- /wp:paragraph --></p>					</div>
						</div>
				</div>
						</div>
					</div>
		</div>
								</div>
					</div>
		</section>
									</div>
			</div>
					</div>

<p>Medienbetrieb Völker Medienbetrieb Völker Timo VölkerBurgstr. 11 &amp; 33 (Hausnummer 33 ist die Postanschrift)34582 Borken (Hessen)Deutschland Email: mbv@gmx.bizTelefon: 01577 5798227 Telefonische Sprechzeiten:Montag – Freitag: 11:30 – 19:00 UhrSamstag: 13:00 Uhr – 16:00 Uhr Unsere Öffnungszeiten am Standort Burgstr. 11 in Borken-NassenerfurthDienstags &amp; Donnerstags: 13:00 – 19:00 UhrFreitags: 13:00 – 18:00 UhrTermine nach Absprache möglich. Datenschutz &#8230; <a title="Kontakt" class="read-more" href="https://www.medienbetrieb-voelker.de/?page_id=32" aria-label="Mehr dazu unter Kontakt">Weiterlesen</a></p>
